the remainder when b(1) is divided by 26.
22
Let i(n) = -9*n + 250. Let l(y) = 11*y - 16. Calculate the remainder when i(23) is divided by l(2).
1
Suppose -135*r - 138*r + 10101 = 0. What is the remainder when 367 is divided by r?
34
Suppose 2*y + 2*b = -14, 19*y - 14*y + b + 23 = 0. What is the remainder when (30/60 + 15/y)*-8 is divided by 9?
8
Calculate the remainder when 4 - (21492/24)/9*10*-1 is divided by 143.
141
Let i = -56 + 98. Suppose 81 - 961 = 2*h + 3*u, -2*h - 880 = -5*u. What is the remainder when i is divided by h/(-396)*9/2?
2
Suppose -2*t + 54 = 3*d, 4*t + 72 = 6*d - 2*d. Calculate the remainder when 150/4 + d/(-12) is divided by 9.
0
Let z(w) = w**3 - 10*w**2 + 3*w - 29. Let r be z(10). Let q be 34/(3 + (-4 - r)). Let t = q - -30. Calculate the remainder when t is divided by 8.
5
Suppose 7*b = 10*b - 15. Suppose -4*y = 4*q - 141 + 17, -3*y = -b*q - 77. What is the remainder when y is divided by 11?
7
Suppose 7 = 3*v + 2*j, -3*v + 13 = 29*j - 24*j. What is the remainder when 1*(-6 + 3) + 54/v is divided by 3?
0
Suppose -5*m + 5*d + 370 = 0, d + 133 = 4*m - 145. What is the remainder when 146 is divided by m?
10
Let f(v) = v**3 + 2*v**2 + 46*v - 314. Calculate the remainder when 733 is divided by f(6).
233
Let n(m) = -m**3 - 30*m**2 + 25*m + 39. Let v be n(-31). Let j = v - 115. What is the remainder when j is divided by 42?
26
Let f be (-4)/(-8) + 22/4. Let i(b) = b**2 - 6*b + 9. Let n(x) = 5*x**2 - 3*x + 3. Calculate the remainder when n(2) is divided by i(f).
8
Let c = -512 - -517. Suppose -p - c*d = -90, 43*d - 41*d - 381 = -5*p. Calculate the remainder when p is divided by 5.
0
Suppose 3*f - 5*c - 2424 = -0*c, -4*c = 3*f - 2397. What is the remainder when f is divided by 195?
23
Suppose -b + 133 = -4*y + 137, -4*b + 2*y + 12 = 0. Calculate the remainder when 202/2 + (-12)/3 is divided by b.
1
Let w(q) = 6*q**2. Let u(g) = g**3 - 28*g**2 + g - 27. Let y be u(28). Let c be w(y). Calculate the remainder when (-99 - c/(-3))/((-5)/5) is divided by 33.
31
Suppose h + h - 5*x - 31 = 0, 2*x = 2*h - 34. Let n = -1138 + 1171. Calculate the remainder when n is divided by h.
15
What is the remainder when 485 is divided by (-1925)/(-105)*12/5?
1
Let d(b) = -113*b**3 + 53*b**2 + 152*b + 1. Calculate the remainder when d(-3) is divided by 123.
121
Suppose 0 = -2*u + 4*q + 92, u - 54 = 3*q - 6. What is the remainder when 192 is divided by u?
24
Suppose -3*a - 4*a - 3*a = 0. Suppose -5*v - l = -437, -3*l = -a*l + 9. What is the remainder when 435 is divided by v?
83
Suppose -21 = -8*i + 1147. Let x = 4 - -21. Calculate the remainder when i is divided by x.
21
Suppose 18 = -23*u + 29*u. Suppose u*a + 75 = 744. What is the remainder when a is divided by 15?
13
Suppose 0 = -2*j + 16*j + 3738. Let q = j + 273. Calculate the remainder when 62 is divided by q.
2
Let r = -1914 - -2769. Suppose -r = -29*b + 131. What is the remainder when 42 is divided by b?
8
Let i = -10790 + 18354. Calculate the remainder when i is divided by 26.
24
Let g(j) be the third derivative of j**5/6 + 7*j**4/24 + 15*j**3/2 - 104*j**2. What is the remainder when g(6) is divided by 8?
7
Let o = -69 - -80. Let a = 469 - 247. Suppose -2*l + a = l. What is the remainder when l is divided by o?
8
Let v(a) = -4*a + 65. Suppose 8 = -31*f + 30*f. Calculate the remainder when v(f) is divided by 15.
7
Suppose 45 = -y - 3*u + 230, 2*y - 293 = 5*u. Calculate the remainder when 966 is divided by y.
146
Let c be (((-9)/(-3))/3)/((-6)/42). Let w = c + 54. Calculate the remainder when (3/6*4 - -464)/2 is divided by w.
45
Let h(v) = 4*v + 11. Suppose 3*x - 6*o - 29 = -11*o, x - 3*o = -9. What is the remainder when 80 is divided by h(x)?
11
Let x(i) = -35 + 4*i + 261 + 54 - 10*i - 14*i. What is the remainder when 697 is divided by x(13)?
17
Suppose -486 = -2*j + 111*c - 115*c, -3*j + 2*c = -785. Calculate the remainder when j is divided by 19.
10
Suppose 5*a = -8 + 128. Let i(y) = 2*y**3 + 25*y**2 + 30*y + 10. Calculate the remainder when i(-11) is divided by a.
19
Let c be 9/(-2)*2 + -3. Let i(k) = -2*k - 17. Calculate the remainder when 68 is divided by i(c).
5
Let d(x) = 3*x**2 - 256*x + 1227. What is the remainder when 11979 is divided by d(5)?
11
Suppose -137*f + 1008 = -65*f. Calculate the remainder when 655 is divided by f.
11
Suppose -1610*u + 1571*u + 3276 = 0. What is the remainder when 976 is divided by u?
52
Suppose -3*x - 2*x = -840. Suppose 40284 - 39570 = 21*j. What is the remainder when x is divided by j?
32
Let s = -78 + 217. Suppose -2*w + 64 = -26. What is the remainder when s - ((-9)/9 - -8) is divided by w?
42
Suppose 98 = 8*p - p. Let j = p + -34. Let v = j + 49. What is the remainder when v is divided by 8?
5
Suppose 36 = 2*k - 0*k. Let f(p) = p**3 + 6*p**2 + 29. Let u be f(-5). Suppose 4*n = z - 31, -u - 12 = -z - 3*n. What is the remainder when z is divided by k?
15
Suppose 62*w - 9348 = 17312. What is the remainder when w is divided by 137?
19
Let u = -137 + 170. Let l = u + -1. What is the remainder when l is divided by 13?
6
Let g = 114 - 63. Suppose r - 11 = -3*q + 13, -4*r = -3*q - g. What is the remainder when r is divided by (210/140)/((-8)/(-48))?
6
Let a = -195 + 279. Suppose 0 = -5*v - 5, 5*l + 5*v + 23 = 2*l. What is the remainder when a is divided by (-58)/l*(5 - 2)?
26
Let a(m) = 16*m - 2*m**2 - 1 - 6*m + 3*m + 4*m**2. What is the remainder when a(-7) is divided by 4?
2
Suppose -2608 = -34*v + 3512. Let y be (-1 - 3)*(-213)/12. Let a = v - y. Calculate the remainder when a is divided by 7.
4
Let v(j) = 2*j**3 - 5*j**2 - 6*j - 17. Let i be v(5). Suppose i*q - 84 = 74*q. What is the remainder when 104 is divided by q?
20
Suppose 104*l - 109*l = -2*j - 126, -j + 36 = 2*l. What is the remainder when 206 is divided by l?
8
What is the remainder when (1245/2)/(444/592) is divided by 211?
197
Suppose 26*t + 324 = 49*t - 2367. Calculate the remainder when t is divided by 37.
6
Suppose -2*m + 4 + 20 = 0. Let b be 1*(-1)/3 + 6472/m. Suppose -4*k = -33 - b. What is the remainder when k is divided by 24?
23
Suppose 4763*c = 4776*c - 15314. What is the remainder when c is divided by 10?
8
Suppose m - 118553 = c - 7*c, 5*c = -4*m + 98791. Calculate the remainder when c is divided by 80.
79
Suppose -56*c + 151*c = 72*c + 3473. Calculate the remainder when c is divided by 39.
34
Let a(j) = 125*j + 12. Suppose -26*i + 8 = -22*i. What is the remainder when a(i) is divided by 53?
50
Let r = 35 + -16. Let j(g) = 18*g**2 - 2*g**3 - 41 + 20*g + g**3 + 48. Calculate the remainder when j(r) is divided by 7.
5
What is the remainder when (((-4)/3)/(226/156279))/(-1) is divided by 132?
130
Suppose 0 = q - 9*q - r + 429, -4*r = 4*q - 232. Let b = 10 + 3. What is the remainder when q is divided by 1 - (-4)/(4/b)?
11
Let d(z) = 13*z**3 + z**2 - z + 1. Let r be d(2). Let c = r + -32. Calculate the remainder when c is divided by 22.
9
Let v(x) = -19*x - 4. What is the remainder when 477/1113 + (-1502)/(-7) is divided by v(-4)?
71
Let m = 40 + -22. Let u(z) = -56*z**2 + 1346*z + 9. Calculate the remainder when u(24) is divided by m.
3
Suppose -4*j - 4 = 0, -10*j = r - 8*j. What is the remainder when 55 is divided by (336/30)/(-1*r/(-5))?
27
Let p = 1335 + -1312. Calculate the remainder when p is divided by (-3)/6 - (-46)/4.
1
Calculate the remainder when (-19)/((-19)/(-10)) + 659 is divided by 164.
157
Let q(x) = 5*x**2 + 134*x - 236. Let r(j) = -j**3 - j**2 + j + 64. Let z be r(0). Let w = -21 + z. What is the remainder when q(-29) is divided by w?
40
Let a = -3 + 6. Let v be (14/7*-1)/((-1)/11). Let t = v - a. Calculate the remainder when 91 is divided by t.
15
Let h = -13330 + 13636. Calculate the remainder when 944 is divided by h.
26
Suppose -3*k - 3*c + 1 = 4, 5*k - 35 = 5*c. Suppose f + o = 6, -f + k*o + 18 = o. Calculate the remainder when 37 is divided by f.
7
What is the remainder when 497 is divided by (2 - -1) + (-38)/((112/(-100))/14)?
19
Let x = -4320 - -4382. Calculate the remainder when 2229 is divided by x.
59
Suppose -s - 4*j + 390 = 0, -7*j + 1998 = 5*s - 3*j. Let g = s - 386. Let a(w) = 6*w - 3. Calculate the remainder when g is divided by a(2).
7
Calculate the remainder when 151/2*(19 - (9 + 6)) is divided by 163.
139
Let w(d) = d - 10. Let t be w(-8). What